hat is -11 - -20234?
20223
In base 5, what is 4231341 + -2?
4231334
In base 10, what is -5 + -435023?
-435028
In base 12, what is -16b1 - -8?
-16a5
In base 5, what is 1110423 + 4?
1110432
In base 9, what is 65443 - 4?
65438
In base 12, what is 4 - -4a43?
4a47
In base 14, what is -11 - -853?
842
In base 11, what is -10 - -3732?
3722
In base 5, what is -10043 - 11210?
-21303
In base 10, what is 37 + -392?
-355
In base 5, what is -121010 - 3?
-121013
In base 2, what is 1110 - 100000010001?
-100000000011
In base 15, what is 11 + -a2a5?
-a294
In base 16, what is -723 + -f?
-732
In base 6, what is 45323 + 1?
45324
In base 11, what is 382 - -34?
406
In base 9, what is -582 - -22?
-560
In base 2, what is -1000100 - 10111110?
-100000010
In base 4, what is 123231113220 - -11?
123231113231
In base 16, what is 3 - -5565?
5568
In base 9, what is -443 - -11?
-432
In base 11, what is 125 - -380?
4a5
In base 9, what is 2537367 - -3?
2537371
In base 8, what is -356 + 56742?
56364
In base 3, what is 11002102202 + 122?
11002110101
In base 16, what is -f52 - -24?
-f2e
In base 13, what is 645 - -c6b?
15b3
In base 5, what is -121014 - 402?
-121421
In base 9, what is -7 + 788466?
788458
In base 15, what is ca4 - 0?
ca4
In base 16, what is 1b - -2562?
257d
In base 13, what is 228 - -249?
474
In base 2, what is -111011000 + -100101100111?
-101100111111
In base 8, what is 24757 - 465?
24272
In base 16, what is -6 + 302?
2fc
In base 10, what is 9 - -111119?
111128
In base 13, what is -5053a - 3?
-50540
In base 11, what is 0 + -32416?
-32416
In base 11, what is -2 - -22853?
22851
In base 16, what is 7136 + e?
7144
In base 4, what is 112003 - -230?
112233
In base 4, what is 10 + 1102220120?
1102220130
In base 10, what is 47 - -6623?
6670
In base 5, what is 414433112 - -2?
414433114
In base 7, what is -53 + -31426?
-31512
In base 2, what is 1001110110111 - 1001100?
1001101101011
In base 6, what is 103304 + -2?
103302
In base 2, what is -111100010111010001101 - -11?
-111100010111010001010
In base 3, what is 0 + 1000221121?
1000221121
In base 7, what is -3 - 1503043?
-1503046
In base 2, what is -1111100101 + -100?
-1111101001
In base 12, what is 495 - -31b?
7b4
In base 15, what is 7 - 51b?
-514
In base 2, what is -10000011100101010 - -100?
-10000011100100110
In base 6, what is 445 + -21153?
-20304
In base 14, what is d0428 - -1?
d0429
In base 16, what is a399c - -2?
a399e
In base 5, what is -103 + 1431314?
1431211
In base 12, what is 5 - 43979?
-43974
In base 14, what is 1 - -a8500?
a8501
In base 11, what is -30a + 77?
-243
In base 8, what is 2 - 1555426?
-1555424
In base 11, what is 80 + 471?
541
In base 13, what is 173 - -40?
1b3
In base 5, what is -22 + 221?
144
In base 14, what is -283 - 195d?
-1c02
In base 13, what is -3265a + 5?
-32655
In base 10, what is -3041 + 20?
-3021
In base 4, what is -2011020 - 11313?
-2022333
In base 2, what is -11111101100101111 - 11000?
-11111101101000111
In base 8, what is 6371153 + -1?
6371152
In base 16, what is 333c - -c?
3348
In base 11, what is 5690 + 4?
5694
In base 2, what is 0 - 1011111100000?
-1011111100000
In base 14, what is 1c - 1dc63?
-1dc45
In base 14, what is 256233 - 1?
256232
In base 8, what is 612443 - 4?
612437
In base 10, what is 2 + -55271?
-55269
In base 10, what is 4 - 266388?
-266384
In base 10, what is -3 + 171618?
171615
In base 2, what is 100 + -11000001111010001110?
-11000001111010001010
In base 14, what is -11 + -7d?
-90
In base 6, what is -4202 - 1211?
-5413
In base 12, what is -314 - 177?
-48b
In base 6, what is 5 + -40210?
-40201
In base 6, what is -1024400 - 2?
-1024402
In base 7, what is 432 - -32541?
33303
In base 14, what is 1289 - c?
127b
In base 4, what is 21 - -213201221?
213201302
In base 9, what is -10 + 54435?
54425
In base 14, what is -134b65 - -4?
-134b61
In base 5, what is 2 - -2142133?
2142140
In base 10, what is -46 + 92819?
92773
In base 4, what is -3 + 1122130313?
1122130310
In base 10, what is 67 - 2936?
-2869
In base 14, what is -a + 7a6a?
7a60
In base 9, what is 845 - -6011?
6856
In base 11, what is 4 - -711?
715
In base 16, what is -1e - -cbb?
c9d
In base 9, what is 158100 - -5?
158105
In base 6, what is -13 + -434433?
-434450
In base 8, what is -72732 - -5?
-72725
In base 11, what is -4 + -10143?
-10147
In base 3, what is -122102 + -1211?
-201020
In base 11, what is 26a + 7a4?
a63
In base 8, what is -1037 + -153?
-1212
In base 4, what is -2 + -233212313?
-233212321
In base 6, what is 342 - -200022?
200404
In base 7, what is -5 + 160333?
160325
In base 8, what is -3 - 236134?
-236137
In base 3, what is 10100102 - -11?
10100120
In base 2, what is 1 - -11001100100101010111?
11001100100101011000
In base 11, what is -25a4 - -18?
-2587
In base 11, what is 31 - 9862?
-9831
In base 7, what is -656136 + 13?
-656123
In base 15, what is -5d0 + -25?
-605
In base 11, what is -1 - -58840?
5883a
In base 14, what is -2bc - bb?
-399
In base 12, what is 22 - -7870?
7892
In base 4, what is -2 + -13010303333?
-13010310001
In base 6, what is 44 - 54211?
-54123
In base 7, what is 205342 + 1?
205343
In base 4, what is 0 + -223211312?
-223211312
In base 16, what is -8b4f9 + -d?
-8b506
In base 15, what is -8 - -1b841?
1b838
In base 6, what is 44 - -244043?
244131
In base 16, what is 2c1d3 - 5?
2c1ce
In base 8, what is 316 - 74?
222
In base 6, what is -3401001 - 14?
-3401015
In base 7, what is 42045 + -2?
42043
In base 9, what is 557 - 1045?
-377
In base 8, what is 1675 - 3442?
-1545
In base 3, what is 1 - 111212220?
-111212212
In base 12, what is -23 - 5a84?
-5aa7
In base 5, what is -2 + 2110232?
2110230
In base 8, what is -2065 - 333?
-2420
In base 14, what is -35 + -932?
-967
In base 10, what is -24972 - 1?
-24973
In base 2, what is -11100101010 - -11011?
-11100001111
In base 16, what is 1 + 61?
62
In base 3, what is -10 + 111110222?
111110212
In base 7, what is 111 + -326354?
-326243
In base 8, what is -2531 - -12?
-2517
In base 16, what is -36c07 - 5?
-36c0c
In base 5, what is -2 - 1010202?
-1010204
In base 6, what is -23 - 13435?
-13502
In base 9, what is 255 - -277?
543
In base 6, what is 5 + -1222213?
-1222204
In base 16, what is 4 + 54777?
5477b
In base 11, what is -9064 + -18?
-9081
In base 7, what is 3 + 10532661?
10532664
In base 3, what is 111211121 + 10?
111211201
In base 7, what is 21114 + 4?
21121
In base 4, what is -13001230 + 11?
-13001213
In base 15, what is 15d - -b9?
227
In base 10, what is 5 + 16504?
16509
In base 8, what is -16 + 76263?
76245
In base 5, what is 1003234 + 1?
1003240
In base 5, what is 33 + -1404434?
-1404401
In base 13, what is -11854 + -15?
-11869
In base 9, what is -1687 - 74?
-1772
In base 8, what is -1 + 22346?
22345
In base 2, what is 11 + -10110100001?
-10110011110
In base 5, what is -22 + 103411102?
103411030
In base 3, what is 20112 + 222011210?
222102022
In base 8, what is -140 + -57477?
-57637
In base 13, what is -69ac - 0?
-69ac
In base 7, what is -16 - 4113?
-4132
In base 9, what is 655 - 186?
458
In base 7, what is -24400 + -202?
-24602
In base 11, what is 7480039 - 1?
7480038
In base 13, what is 4 + -14c1c?
-14c18
In base 11, what is -3 + 8476?
8473
In base 11, what is -32 + 8454?
8422
In base 13, what is 6134 - 1?
6133
In base 8, what is -1345 - 566?
-2133
In base 16, what is -2170 - -d8?
-2098
In base 4, what is -20030223 + 330?
-20023233
In base 13, what is -4 - 78902?
-78906
In base 15, what is -77ca + 18?
-77b2
In base 6, what is 2442 - 544?
1454
In base 6, what is 32 + -415123?
-415051
In base 10, what is 5 + -341?
-336
In base 7, what is 22 + -435235?
-435213
In base 9, what is 767 - -5?
773
In base 2, what is -1111 + -11010000000111010?
-11010000001001001
In base 8, what is -227 - 17565?
-20014
In base 9, what is 276 - 101?
175
In base 15, what is -8 - -170e?
1706
In base 7, what is -1215 + -16?
-1234
In base 5, what is -3024102 - 3?
-3024110
In base 4, what is 3 + -1223221?
-1223212
In base 10, what is -4 + -307862?
-307866
In base 7, what is 154521 - 3?
154515
In base 14, what is 25 + -38da?
-38b5
In base 5, what is -32342022 + 4?
-32342013
In base 5, what is 32 - -2210441?
2211023
In base 11, what is -330980 - -1?
-33097a
In base 14, what is 35db7 + 0?
35db7
In base 6, what is -4330 + -423?
-5153
In base 12, what is -5b - 108?
-167
In base 13, w